p. Determine a(-2).
0
Suppose 20 = 3*k - k. Suppose -4*g + 8 = 3*a - 7, 2*a = 3*g + k. Let l(v) be the first derivative of -v**2/2 + 3*v + 1. Give l(a).
-2
Suppose -5*m = -0*m - 20. Let t(i) = 4*i - 4. Let c(n) = 9*n - 7. Let j(a) = 3*c(a) - 5*t(a). Let w(z) = -3*z + 1. Let q(b) = m*j(b) + 7*w(b). Calculate q(-2).
-11
Let n = 3 - -1. Suppose n*t + 0*t + 4 = 0. Let h(m) = -8*m**2 + 1. Give h(t).
-7
Let r be 13/7 + 1/7. Let j(s) be the second derivative of -1/6*s**3 + 2*s + 0 + 1/2*s**r. Calculate j(3).
-2
Let z = -40 + 59. Let w(k) = z - 12 - 9 + 2*k. Determine w(3).
4
Let g(w) = 2*w**2 + 6*w + 13. Let y(q) = -q**2 - 6*q - 12. Let p(t) = 2*g(t) + 3*y(t). Determine p(7).
-3
Let n(c) = -c**2 + 6*c + 3. Suppose 2*f = -f - 21. Let o = f - -12. Determine n(o).
8
Let q(m) = m**3 + 3*m**2 - m + 2. Let w be (-6)/(4/(-2)) - -1. Suppose -2*c + 3 = -3*i, -2 = 5*c - w*i + 1. Calculate q(c).
5
Let d = -2 + 5. Let z = d + -1. Suppose -g + 2 + z = 0. Let w(x) = -x**2 + 5*x + 4. What is w(g)?
8
Let u(i) be the second derivative of -1/12*i**4 + 2*i + 0 - 1/3*i**3 + 0*i**2 + 1/60*i**5. Let z(b) be the second derivative of u(b). Calculate z(2).
2
Let u be 4/(-5)*(7 - (-2)/(-1)). Let z(b) = b + 6. What is z(u)?
2
Let z(t) = 3*t + 6*t - t**2 - 4*t - 5 - 2*t**2. Let v = -1 - 1. Let m(s) = -13*s**2 + 20*s - 21. Let j(r) = v*m(r) + 9*z(r). Calculate j(3).
3
Let k(g) = -1 + 3 - 3. Let i(u) = -u + 4. Let y(r) = i(r) + 4*k(r). Suppose -5*d + 21 - 16 = 0. What is y(d)?
-1
Let g(w) be the second derivative of -5*w**4/24 + w**3/6 - 2*w**2 - 2*w. Let m(a) be the first derivative of g(a). Give m(1).
-4
Suppose 5*i + 21 = 3*b, -3*b = -2*i + i - 9. Let r(m) = m + 4. Determine r(i).
1
Let d(m) = m**3 - 5*m**2 - 5*m + 1. Let p(g) = -2*g**3 + 5*g**2 + 6*g - 1. Let z(j) = -3*d(j) - 2*p(j). Give z(-3).
8
Let w(c) = -c + 1. Suppose 6 + 9 = -3*y. Determine w(y).
6
Let f(j) be the first derivative of 0*j**2 + 0*j**3 - 5/2*j**4 + 0*j - 2. Calculate f(-1).
10
Let f(m) be the first derivative of m**4/4 - 2*m**3/3 + m**2/2 - 7. Calculate f(2).
2
Let d(s) = -s**2 + 4*s + 5. Let t(k) = k + 2. Let r be t(3). What is d(r)?
0
Let i = 129 - 134. Let k(z) = z**2 - 5*z - 9. Let u(t) = -3*t**2 + 9*t + 19. Let c(r) = 5*k(r) + 2*u(r). Give c(i).
3
Let s(h) = 2*h**2 - h - 2. Let m be (2/(-8))/(5/(-40)). Determine s(m).
4
Let v = 5 - 2. Let b(f) be the third derivative of -f**5/60 + f**4/24 + f**2. Determine b(v).
-6
Let u(q) = q**3 - 5*q**2 + 5*q - 4. Let g(b) = 5 + 0*b**2 + 6 - 4*b - 8 + 4*b**2. Let r(t) = 5*g(t) + 4*u(t). Give r(-1).
-5
Let k(z) = 1 + 61*z**2 - 2*z**3 - 6*z + 3*z**3 - 65*z**2 - 2. What is k(5)?
-6
Let g(k) = -k**3 + 4*k**2 + k - 4. Let b(f) = -2*f**3 + 9*f**2 + 2*f - 9. Let x(l) = -3*b(l) + 7*g(l). What is x(2)?
-3
Let g(v) = -v**2 + 10*v + 1. Let s be g(10). Let c(h) = -h + 1. Determine c(s).
0
Let f(s) = -s**3 - 7*s**2 + 7*s - 3. Let n be f(-8). Suppose -n*b + 10*b - 10 = 0. Let g(i) be the first derivative of -i**2/2 + 4*i - 2. Calculate g(b).
2
Let p = 6 + -5. Let y(x) = 3 - 1 + 0 + p + x. Determine y(-2).
1
Suppose 2*m - m = -3*y - 6, y + 4 = 0. Suppose -m*r + 4 = -4*r. Let g(p) = -2 - 2 + p + r. What is g(3)?
1
Let d(o) = -2*o**3 - 2*o**2 + o - 1. Let a be d(-2). Suppose 0 = 5*k - 4*c + 9, 3*k - 2 = -a*c. Let g(m) = -6*m**3 - 2*m**2 + 1. Calculate g(k).
5
Let v(r) be the second derivative of -11*r**5/20 + r**4/12 - r**2/2 + 16*r. Determine v(-1).
11
Suppose -4*h = -2*h + 8. Let q(d) = -3*d**3 - d**2. Let i be q(1). Let a = h - i. Let u(c) = -c - 4. What is u(a)?
-4
Suppose -8*g + 5 = -19. Let l(j) be the third derivative of j**6/180 - j**5/30 + j**4/24 + j**2. Let y(m) be the second derivative of l(m). Give y(g).
8
Let q(c) be the second derivative of 7*c**4/12 - c**3/6 + c**2/2 - 33*c. Calculate q(1).
7
Suppose -11 = p + 5*o, 4*p + 3*o = 5*p - 13. Let t(c) = 3*c**3 + 6*c**2 + 5*c + 5. Let b(u) = 2*u**3 + 3*u**2 + 2*u + 3. Let z(s) = -5*b(s) + 3*t(s). Give z(p).
4
Let a(m) be the second derivative of m**4/12 - 5*m**3/6 - m. Calculate a(4).
-4
Let z(y) = -y**3 + 8*y**2 + y - 3. Let t = 43 - 35. Determine z(t).
5
Suppose 4*l = -0*s + 5*s - 20, 0 = 4*s + 3*l - 47. Let m = s - 11. Let z(b) = -3*b**3 + 3*b**3 + 447*b - 446*b + 4*b**2 + b**3 - 4. What is z(m)?
2
Suppose -4*a + 7*a = 6. Let u(b) = -2*b**a + b**2 + 7*b**3 + 15*b - 16*b. Suppose 0 = -x + 4*x - 5*h + 28, 0 = 3*h - 15. What is u(x)?
-7
Let n(p) = -2*p. Let f(y) = y**2 - 5*y. Let t(k) = 2*f(k) - 7*n(k). Give t(-4).
16
Let m be -1*(2 + -2)/1. Suppose -9 = -4*d - 1. Let j(c) = 0*c**d - 3*c**2 + c + 1 + 2*c**2 - 2. Determine j(m).
-1
Suppose 2*l + 11 = 5*q - 5, -4*q = -16. Suppose -2*y + 0 = 2, 0 = l*p - 4*y - 8. Suppose -p*c = 4*z + 6, -3*z = 2*z - 5. Let f(o) = o + 7. Determine f(c).
2
Let i(q) = -q**2 - 6*q - 6. Let c(k) = -4*k**2 + 11 - 3*k + 6*k**2 + 14*k. Let a(m) = 4*c(m) + 7*i(m). Let r = -234 - -230. What is a(r)?
10
Let v(x) = x**3 - 2*x**2 + 2*x - 1. Suppose 3*s = 2*j + 17, -4*j - 32 = -3*s - 5*j. Let h = -7 + s. Give v(h).
3
Let l(j) = -9*j + 5. Let i(t) = -8*t + 4. Let a(s) = 5*i(s) - 4*l(s). Determine a(3).
-12
Suppose -2*h + j = 13, 4*h + 5*j - 9 = -0*h. Let y = -5 - -5. Let k(z) = -z + 0*z - 1 + y*z. Determine k(h).
3
Let k(y) = y**2 - y. Let w(d) = 3*d**2 - 7. Let i(l) = 2*k(l) - w(l). What is i(-5)?
-8
Let h(a) = -a**3 + 6*a**2 + 7*a + 6. Let p be h(7). Let u(w) = -8*w + 5*w - 1 - p*w. Let g(r) = -r - 6. Let b be g(-7). Calculate u(b).
-10
Let g(o) = -9*o**3 + 1. Let v = -19 - 6. Let m be v/(-35) - 2/(-7). What is g(m)?
-8
Let z(j) = j**3 - 7*j**2 - 10*j - 5. Let u(o) = 2*o**3 - 7*o**2 - 11*o - 4. Let t(s) = 2*u(s) - 3*z(s). Give t(-6).
-5
Suppose 5*p = 3*w, 4*p - 4*w = 6*p. Let y(j) = 1. Let s(b) = -b. Let k(u) = -s(u) - 6*y(u). What is k(p)?
-6
Let g(a) be the second derivative of a**3/3 - 9*a**2/2 - 8*a. Calculate g(6).
3
Let q(h) = 3*h**3 + 5*h**2 - h + 11. Let g(f) = 8*f**3 + 15*f**2 - 4*f + 32. Let i(b) = -4*g(b) + 11*q(b). What is i(5)?
18
Let f(p) = 3*p. Let x(u) = 0 - 7*u - 4 + 6 - 1. Let n(w) = -5*f(w) - 2*x(w). Calculate n(-1).
-1
Let w(j) be the second derivative of j**5/20 + 11*j**4/12 + 11*j**3/6 + 15*j**2/2 - 3*j. Let x be w(-10). Let s(u) = -u**3 + 6*u**2 - 6*u - 2. What is s(x)?
-7
Let t(r) = -9*r**3 + 2*r**2 - 4. Let f(s) = -19*s**3 + 4*s**2 - 9. Let v(b) = -3*f(b) + 7*t(b). What is v(1)?
-5
Let q(o) = -3 - 2 - 3*o**2 + 5*o**2 + 6*o - o**3. Calculate q(4).
-13
Let r = -7 - 0. Let l(f) = -f**3 - 7*f**2 + 2*f + 6. What is l(r)?
-8
Let h be 1/(-2) - (-36)/8. Suppose -76 = -4*n + 2*c, 9*n - h*n + 3*c = 117. Suppose 3*a + 3*b = n, 0*a + 4*b + 4 = 4*a. Let o(u) = -u**2 + 4*u + 1. Give o(a).
1
Let r(f) = -f**2 + 3*f + 2. Let a be r(3). Let y(h) be the second derivative of 1/3*h**3 + h + 0 + 0*h**a. Calculate y(-1).
-2
Let z(l) = 2*l - 3*l - 2 - 1 + 1. Suppose -2*i - 2*i = 24. What is z(i)?
4
Let w(p) be the second derivative of p**5/20 - 11*p**4/12 + 11*p**3/6 - 3*p**2/2 - p + 15. Give w(10).
7
Let h(m) = 2*m + 1. Let z(r) = -2*r - 2. Let g(u) = 3*h(u) + 2*z(u). Calculate g(2).
3
Let k(n) = n**2 + 10*n + 3. Let l(p) = p**2 + 11*p + 4. Let f(z) = -4*k(z) + 3*l(z). Give f(-5).
10
Let x(r) = r**3 + 0*r**3 + 93*r**2 - 94*r**2 + 2*r**3. Let s(v) = v - 3. Let a be s(4). What is x(a)?
2
Suppose 0 = -5*g + g + 12. Let w(m) = g*m + 1 + 5*m - 4*m - m. What is w(1)?
4
Let o(q) be the first derivative of q**3/3 - q**2 + 2*q + 6. Let v(u) = u**2 - u + 3. Let m(p) = -4*o(p) + 3*v(p). What is m(5)?
1
Let v = 23 + -26. Let l(d) = -d**3 - 3*d**2 - 4*d - 1. Calculate l(v).
11
Let b(y) = y**2 - 3*y - 7. Let l = -10 + 15. Suppose l*w - 29 = n + 56, 2*w = -2*n + 46. Suppose w = 3*k + 3. Determine b(k).
3
Let p(z) = -3*z + z + 4*z - 16 - z. Let t be p(16). Let m(y) = y**2 + y - 9. Calculate m(t).
-9
Let s(w) = -w**2 + 3*w + 6. Let a(x) = 3*x**2 - 10*x - 18. Let p(u) = 2*a(u) + 7*s(u). Give p(0).
6
Let d(i) = -i + 7. Let v be 34/(-51)*15/(-2). Calculate d(v).
2
Let u(d) = -2*d**2 - d + 4. Let a(y) be the third derivative of -y**5/12 - y**4/24 + 3*y**3/2 + 7*y**2. Let f(m) = 3*a(m) - 7*u(m). Calculate f(6).
-13
Let d be (1/(-2))/(1/(-14)). Let p be 2*d/(42/(-9)). Let t(b) = -b**2 + b + 2. Calculate t(p).
-10
Let s(n) = n**3 - 7*n**2 - n + 7. Let z be s(7). Let w(c) = -4 + 0*c + 2*c + z*c. Determine w(3).
2
Let t(c)